{"id":35015,"date":"2024-01-18T14:46:56","date_gmt":"2024-01-18T13:46:56","guid":{"rendered":"https:\/\/naturzentrum-thurauen.ch\/events\/besuch-der-greifvogelstation-schwerpunktthema-bartgeier\/"},"modified":"2026-01-06T17:37:07","modified_gmt":"2026-01-06T16:37:07","slug":"besuch-der-greifvogelstation-schwerpunktthema-bartgeier","status":"publish","type":"mec-events","link":"https:\/\/naturzentrum-thurauen.ch\/fr\/events\/besuch-der-greifvogelstation-schwerpunktthema-bartgeier\/","title":{"rendered":"Besuch der Greifvogelstation: Schwerpunktthema Bartgeier"},"content":{"rendered":"<p>In der Greifvogelstation Berg am Irchel werden geschw\u00e4chte, verletzte und kranke Greifv\u00f6gel gepflegt, bis sie wieder in die Freiheit entlassen werden k\u00f6nnen. W\u00e4hrend dieser F\u00fchrung erfahren Sie viel Wissenswertes \u00fcber die einheimischen Greifv\u00f6gel und Eulen im Allgemeinen und zum Sonderthema \u00abBartgeier\u00bb im Speziellen. Wir stellen Ihnen die Besonderheiten dieser grossen Geierart vor und Sie erfahren unter anderem, warum der Bartgeier in der Schweiz ausgerottet wurde. Zudem lernen Sie unsere Arbeit an der Station kennen. Auf der Station sind aber keine Bartgeier-Patienten untergebracht.<\/p>\n<p><strong>Zeit &amp; Treffpunkt:<br \/>\n<\/strong><span style=\"font-weight: 300;\">9 Uhr, Chileweg 5, 8415 Berg am Irchel (vor der PanEco-Gesch\u00e4ftsstelle)<\/span><\/p>\n<p><strong>Mitnehmen:<\/strong><\/p>\n<ul>\n<li>Wetterfeste, warme Kleidung und gutes Schuhwerk<\/li>\n<\/ul>\n<p><strong>Anreise \u00f6ffentlicher Verkehr:<br \/>\n<\/strong><span style=\"font-weight: 300;\">Bus 677 bis Haltestelle \u00abBerg am Irchel\u00bb<\/span><\/p>\n<p><strong>Besonderes:<\/strong><\/p>\n<ul>\n<li>Parken beim Landihaus oder in der weissen Zone der Schlossgasse<\/li>\n<li>Aus R\u00fccksicht auf die Greifv\u00f6gel sind auf der Station keine Hunde zugelassen<\/li>\n<li>Auf der Greifvogelstation kann nur bar oder mit Twint bezahlt werden<\/li>\n<\/ul>\n<p>Alle Veranstaltungen \u00abBesuch der Greifvogelstation\u00bb bestehen aus einer gleichbleibenden F\u00fchrung und einem theoretischen Teil, der jeweils themenspezifisch angepasst wird.<\/p>\n<p>Die Veranstaltung findet nur ab einer Mindestanzahl von 8 Teilnehmenden statt.<\/p>\n<p>Bitte beachten Sie die\u00a0<a href=\"https:\/\/greifvogelstation.ch\/wp-content\/uploads\/sites\/2\/2025\/01\/AGB-GVS_2025.pdf\" target=\"_blank\" rel=\"noopener\"><em>AGB<\/em><\/a>.<\/p>\n","protected":false},"excerpt":{"rendered":"<p>Werfen Sie einen Blick hinter die Kulissen und erfahren Sie mehr \u00fcber den Bartgeier, den gr\u00f6ssten Greifvogel der Schweiz. <\/p>\n","protected":false},"author":3,"featured_media":37579,"comment_status":"closed","ping_status":"closed","template":"","meta":{"site-sidebar-layout":"default","site-content-layout":"default","ast-site-content-layout":"default","site-content-style":"default","site-sidebar-style":"default","ast-global-header-display":"","ast-banner-title-visibility":"","ast-main-header-display":"","ast-hfb-above-header-display":"","ast-hfb-below-header-display":"","ast-hfb-mobile-header-display":"","site-post-title":"","ast-breadcrumbs-content":"","ast-featured-img":"","footer-sml-layout":"","ast-disable-related-posts":"","theme-transparent-header-meta":"default","adv-header-id-meta":"","stick-header-meta":"","header-above-stick-meta":"","header-main-stick-meta":"","header-below-stick-meta":"","astra-migrate-meta-layouts":"set","ast-page-background-enabled":"default","ast-page-background-meta":{"desktop":{"background-color":"var(--ast-global-color-4)","background-image":"","background-repeat":"repeat","background-position":"center center","background-size":"auto","background-attachment":"scroll","background-type":"","background-media":"","overlay-type":"","overlay-color":"","overlay-opacity":"","overlay-gradient":""},"tablet":{"background-color":"","background-image":"","background-repeat":"repeat","background-position":"center center","background-size":"auto","background-attachment":"scroll","background-type":"","background-media":"","overlay-type":"","overlay-color":"","overlay-opacity":"","overlay-gradient":""},"mobile":{"background-color":"","background-image":"","background-repeat":"repeat","background-position":"center center","background-size":"auto","background-attachment":"scroll","background-type":"","background-media":"","overlay-type":"","overlay-color":"","overlay-opacity":"","overlay-gradient":""}},"ast-content-background-meta":{"desktop":{"background-color":"var(--ast-global-color-5)","background-image":"","background-repeat":"repeat","background-position":"center center","background-size":"auto","background-attachment":"scroll","background-type":"","background-media":"","overlay-type":"","overlay-color":"","overlay-opacity":"","overlay-gradient":""},"tablet":{"background-color":"var(--ast-global-color-5)","background-image":"","background-repeat":"repeat","background-position":"center center","background-size":"auto","background-attachment":"scroll","background-type":"","background-media":"","overlay-type":"","overlay-color":"","overlay-opacity":"","overlay-gradient":""},"mobile":{"background-color":"var(--ast-global-color-5)","background-image":"","background-repeat":"repeat","background-position":"center center","background-size":"auto","background-attachment":"scroll","background-type":"","background-media":"","overlay-type":"","overlay-color":"","overlay-opacity":"","overlay-gradient":""}}},"tags":[],"mec_category":[604],"class_list":["post-35015","mec-events","type-mec-events","status-publish","has-post-thumbnail","hentry","mec_category-greifvogelstation"],"_links":{"self":[{"href":"https:\/\/naturzentrum-thurauen.ch\/fr\/wp-json\/wp\/v2\/mec-events\/35015","targetHints":{"allow":["GET"]}}],"collection":[{"href":"https:\/\/naturzentrum-thurauen.ch\/fr\/wp-json\/wp\/v2\/mec-events"}],"about":[{"href":"https:\/\/naturzentrum-thurauen.ch\/fr\/wp-json\/wp\/v2\/types\/mec-events"}],"author":[{"embeddable":true,"href":"https:\/\/naturzentrum-thurauen.ch\/fr\/wp-json\/wp\/v2\/users\/3"}],"replies":[{"embeddable":true,"href":"https:\/\/naturzentrum-thurauen.ch\/fr\/wp-json\/wp\/v2\/comments?post=35015"}],"wp:featuredmedia":[{"embeddable":true,"href":"https:\/\/naturzentrum-thurauen.ch\/fr\/wp-json\/wp\/v2\/media\/37579"}],"wp:attachment":[{"href":"https:\/\/naturzentrum-thurauen.ch\/fr\/wp-json\/wp\/v2\/media?parent=35015"}],"wp:term":[{"taxonomy":"post_tag","embeddable":true,"href":"https:\/\/naturzentrum-thurauen.ch\/fr\/wp-json\/wp\/v2\/tags?post=35015"},{"taxonomy":"mec_category","embeddable":true,"href":"https:\/\/naturzentrum-thurauen.ch\/fr\/wp-json\/wp\/v2\/mec_category?post=35015"}],"curies":[{"name":"wp","href":"https:\/\/api.w.org\/{rel}","templated":true}]}}

<p>In der Greifvogelstation Berg am Irchel werden geschwächte, verletzte und kranke Greifvögel gepflegt, bis sie wieder in die Freiheit entlassen werden können. Während dieser Führung erfahren Sie viel Wissenswertes über die einheimischen Greifvögel und Eulen im Allgemeinen und zum Sonderthema «Bartgeier» im Speziellen. Wir stellen Ihnen die Besonderheiten dieser grossen Geierart vor und Sie erfahren unter anderem, warum der Bartgeier in der Schweiz ausgerottet wurde. Zudem lernen Sie unsere Arbeit an der Station kennen. Auf der Station sind aber keine Bartgeier-Patienten untergebracht.</p>
<p><strong>Zeit &amp; Treffpunkt:<br />
</strong><span style="font-weight: 300;">9 Uhr, Chileweg 5, 8415 Berg am Irchel (vor der PanEco-Geschäftsstelle)</span></p>
<p><strong>Mitnehmen:</strong></p>
<ul>
<li>Wetterfeste, warme Kleidung und gutes Schuhwerk</li>
</ul>
<p><strong>Anreise öffentlicher Verkehr:<br />
</strong><span style="font-weight: 300;">Bus 677 bis Haltestelle «Berg am Irchel»</span></p>
<p><strong>Besonderes:</strong></p>
<ul>
<li>Parken beim Landihaus oder in der weissen Zone der Schlossgasse</li>
<li>Aus Rücksicht auf die Greifvögel sind auf der Station keine Hunde zugelassen</li>
<li>Auf der Greifvogelstation kann nur bar oder mit Twint bezahlt werden</li>
</ul>
<p>Alle Veranstaltungen «Besuch der Greifvogelstation» bestehen aus einer gleichbleibenden Führung und einem theoretischen Teil, der jeweils themenspezifisch angepasst wird.</p>
<p>Die Veranstaltung findet nur ab einer Mindestanzahl von 8 Teilnehmenden statt.</p>
<p>Bitte beachten Sie die <a href="https://greifvogelstation.ch/wp-content/uploads/sites/2/2025/01/AGB-GVS_2025.pdf" target="_blank" rel="noopener"><em>AGB</em></a>.</p>

<p>Werfen Sie einen Blick hinter die Kulissen und erfahren Sie mehr über den Bartgeier, den grössten Greifvogel der Schweiz. </p>
