{"id":30967,"date":"2023-01-11T14:39:41","date_gmt":"2023-01-11T13:39:41","guid":{"rendered":"https:\/\/naturzentrum-thurauen.ch\/?post_type=mec-events&#038;p=30967"},"modified":"2026-02-10T11:32:24","modified_gmt":"2026-02-10T10:32:24","slug":"lehrpersonen-weiterbildung-biber","status":"publish","type":"mec-events","link":"https:\/\/naturzentrum-thurauen.ch\/fr\/events\/lehrpersonen-weiterbildung-biber\/","title":{"rendered":"Lehrpersonen-Weiterbildung: Biber"},"content":{"rendered":"<p>Der Biber hat sich in der Schweiz l\u00e4ngst wieder ausgebreitet und gestaltet vielerorts Fliessgew\u00e4sser und T\u00fcmpel zu artenreichen \u00d6kosystemen um. Mit seinen Baut\u00e4tigkeiten \u00fcbernimmt er eine wichtige Rolle f\u00fcr die Biodiversit\u00e4t rund um Gew\u00e4sser. Die scheuen Nagetiere lassen sich nur selten blicken \u2013 im Herbst und Winter tauchen aber vielerorts ihre eindr\u00fccklichen Spuren auf. Gemeinsam machen wir uns rund ums Naturzentrum Thurauen auf die Suche danach. Unterwegs erhalten Sie vielf\u00e4ltige Informationen rund um die Lebensweise des scheuen Nagetieres und dessen Funktion innerhalb der Aue und lernen praktische Ideen aus unserem Unterrichtsdossier \u00abBaumeister Biber\u00bb f\u00fcr den eigenen Unterricht kennen.<\/p>\n<p><strong>Zeit &amp; Treffpunkt:<br \/>\n<\/strong>13.45 Uhr, Naturzentrum Thurauen, Flaach<\/p>\n<p><strong>Mitnehmen:<\/strong><\/p>\n<ul>\n<li><span style=\"font-weight: 300;\">Wetterfeste, warme Kleidung und gutes Schuhwerk<\/span><\/li>\n<li>Bei Bedarf: Warme Getr\u00e4nke und Zwischenverpflegung<\/li>\n<\/ul>\n<p><strong>Anreise \u00f6ffentlicher Verkehr:<br \/>\n<\/strong>Bus 675 bis Haltestelle \u00abFlaach, Ziegelh\u00fctte\u00bb und danach 10 Minuten zu Fuss bis zum Naturzentrum<\/p>\n<p><strong>Anmeldeschluss:<\/strong><br \/>\nMittwoch, 7. Januar 2026<\/p>\n<p><strong>Besonderes:<\/strong><br \/>\nDie Veranstaltung findet nur ab einer Mindestanzahl von 5 Teilnehmenden statt.<\/p>\n<p>&gt; <a href=\"https:\/\/naturzentrum-thurauen.ch\/lehrpersonen-weiterbildungen\/\">Weitere Weiterbildungen<\/a><\/p>\n<p>Bitte beachten Sie die\u00a0<a href=\"https:\/\/paneco.ch\/wp-content\/uploads\/2026\/02\/AGB-2026-PanEco_LPWBs.pdf\" target=\"_blank\" rel=\"noopener\"><em>AGB<\/em><\/a>.<\/p>\n","protected":false},"excerpt":{"rendered":"<p>Den Biber mit der Klasse thematisieren? Bei uns erfahren Sie alles Wissenswerte rund um den Biber, entdecken seine Spuren in der Natur und erhalten Ideen f\u00fcr den Unterricht. <\/p>\n","protected":false},"author":3,"featured_media":37353,"comment_status":"closed","ping_status":"closed","template":"","meta":{"site-sidebar-layout":"default","site-content-layout":"default","ast-site-content-layout":"default","site-content-style":"default","site-sidebar-style":"default","ast-global-header-display":"","ast-banner-title-visibility":"","ast-main-header-display":"","ast-hfb-above-header-display":"","ast-hfb-below-header-display":"","ast-hfb-mobile-header-display":"","site-post-title":"","ast-breadcrumbs-content":"","ast-featured-img":"","footer-sml-layout":"","ast-disable-related-posts":"","theme-transparent-header-meta":"default","adv-header-id-meta":"","stick-header-meta":"","header-above-stick-meta":"","header-main-stick-meta":"","header-below-stick-meta":"","astra-migrate-meta-layouts":"set","ast-page-background-enabled":"default","ast-page-background-meta":{"desktop":{"background-color":"var(--ast-global-color-4)","background-image":"","background-repeat":"repeat","background-position":"center center","background-size":"auto","background-attachment":"scroll","background-type":"","background-media":"","overlay-type":"","overlay-color":"","overlay-opacity":"","overlay-gradient":""},"tablet":{"background-color":"","background-image":"","background-repeat":"repeat","background-position":"center center","background-size":"auto","background-attachment":"scroll","background-type":"","background-media":"","overlay-type":"","overlay-color":"","overlay-opacity":"","overlay-gradient":""},"mobile":{"background-color":"","background-image":"","background-repeat":"repeat","background-position":"center center","background-size":"auto","background-attachment":"scroll","background-type":"","background-media":"","overlay-type":"","overlay-color":"","overlay-opacity":"","overlay-gradient":""}},"ast-content-background-meta":{"desktop":{"background-color":"var(--ast-global-color-5)","background-image":"","background-repeat":"repeat","background-position":"center center","background-size":"auto","background-attachment":"scroll","background-type":"","background-media":"","overlay-type":"","overlay-color":"","overlay-opacity":"","overlay-gradient":""},"tablet":{"background-color":"var(--ast-global-color-5)","background-image":"","background-repeat":"repeat","background-position":"center center","background-size":"auto","background-attachment":"scroll","background-type":"","background-media":"","overlay-type":"","overlay-color":"","overlay-opacity":"","overlay-gradient":""},"mobile":{"background-color":"var(--ast-global-color-5)","background-image":"","background-repeat":"repeat","background-position":"center center","background-size":"auto","background-attachment":"scroll","background-type":"","background-media":"","overlay-type":"","overlay-color":"","overlay-opacity":"","overlay-gradient":""}}},"tags":[],"mec_category":[603],"class_list":["post-30967","mec-events","type-mec-events","status-publish","has-post-thumbnail","hentry","mec_category-lehrpersonen-weiterbildung"],"_links":{"self":[{"href":"https:\/\/naturzentrum-thurauen.ch\/fr\/wp-json\/wp\/v2\/mec-events\/30967","targetHints":{"allow":["GET"]}}],"collection":[{"href":"https:\/\/naturzentrum-thurauen.ch\/fr\/wp-json\/wp\/v2\/mec-events"}],"about":[{"href":"https:\/\/naturzentrum-thurauen.ch\/fr\/wp-json\/wp\/v2\/types\/mec-events"}],"author":[{"embeddable":true,"href":"https:\/\/naturzentrum-thurauen.ch\/fr\/wp-json\/wp\/v2\/users\/3"}],"replies":[{"embeddable":true,"href":"https:\/\/naturzentrum-thurauen.ch\/fr\/wp-json\/wp\/v2\/comments?post=30967"}],"wp:featuredmedia":[{"embeddable":true,"href":"https:\/\/naturzentrum-thurauen.ch\/fr\/wp-json\/wp\/v2\/media\/37353"}],"wp:attachment":[{"href":"https:\/\/naturzentrum-thurauen.ch\/fr\/wp-json\/wp\/v2\/media?parent=30967"}],"wp:term":[{"taxonomy":"post_tag","embeddable":true,"href":"https:\/\/naturzentrum-thurauen.ch\/fr\/wp-json\/wp\/v2\/tags?post=30967"},{"taxonomy":"mec_category","embeddable":true,"href":"https:\/\/naturzentrum-thurauen.ch\/fr\/wp-json\/wp\/v2\/mec_category?post=30967"}],"curies":[{"name":"wp","href":"https:\/\/api.w.org\/{rel}","templated":true}]}}

<p>Der Biber hat sich in der Schweiz längst wieder ausgebreitet und gestaltet vielerorts Fliessgewässer und Tümpel zu artenreichen Ökosystemen um. Mit seinen Bautätigkeiten übernimmt er eine wichtige Rolle für die Biodiversität rund um Gewässer. Die scheuen Nagetiere lassen sich nur selten blicken – im Herbst und Winter tauchen aber vielerorts ihre eindrücklichen Spuren auf. Gemeinsam machen wir uns rund ums Naturzentrum Thurauen auf die Suche danach. Unterwegs erhalten Sie vielfältige Informationen rund um die Lebensweise des scheuen Nagetieres und dessen Funktion innerhalb der Aue und lernen praktische Ideen aus unserem Unterrichtsdossier «Baumeister Biber» für den eigenen Unterricht kennen.</p>
<p><strong>Zeit &amp; Treffpunkt:<br />
</strong>13.45 Uhr, Naturzentrum Thurauen, Flaach</p>
<p><strong>Mitnehmen:</strong></p>
<ul>
<li><span style="font-weight: 300;">Wetterfeste, warme Kleidung und gutes Schuhwerk</span></li>
<li>Bei Bedarf: Warme Getränke und Zwischenverpflegung</li>
</ul>
<p><strong>Anreise öffentlicher Verkehr:<br />
</strong>Bus 675 bis Haltestelle «Flaach, Ziegelhütte» und danach 10 Minuten zu Fuss bis zum Naturzentrum</p>
<p><strong>Anmeldeschluss:</strong><br />
Mittwoch, 7. Januar 2026</p>
<p><strong>Besonderes:</strong><br />
Die Veranstaltung findet nur ab einer Mindestanzahl von 5 Teilnehmenden statt.</p>
<p>&gt; <a href="https://naturzentrum-thurauen.ch/lehrpersonen-weiterbildungen/">Weitere Weiterbildungen</a></p>
<p>Bitte beachten Sie die <a href="https://paneco.ch/wp-content/uploads/2026/02/AGB-2026-PanEco_LPWBs.pdf" target="_blank" rel="noopener"><em>AGB</em></a>.</p>

<p>Den Biber mit der Klasse thematisieren? Bei uns erfahren Sie alles Wissenswerte rund um den Biber, entdecken seine Spuren in der Natur und erhalten Ideen für den Unterricht. </p>
