{"id":30934,"date":"2023-01-11T14:02:09","date_gmt":"2023-01-11T13:02:09","guid":{"rendered":"https:\/\/naturzentrum-thurauen.ch\/?post_type=mec-events&#038;p=30934"},"modified":"2026-04-09T10:08:21","modified_gmt":"2026-04-09T08:08:21","slug":"lehrpersonen-weiterbildung-schmetterlinge","status":"publish","type":"mec-events","link":"https:\/\/naturzentrum-thurauen.ch\/fr\/events\/lehrpersonen-weiterbildung-schmetterlinge\/","title":{"rendered":"Lehrpersonen-Weiterbildung: Schmetterlinge"},"content":{"rendered":"<p><em>Dieser Anlass findet neu am Mittwoch, 3.6 (nicht Freitag, 12.6) statt!<\/em><\/p>\n<p>An diesem Tag ist Pascal Reutimann, Experte f\u00fcr Schmetterlinge, zu Gast beim Team des Naturzentrums Thurauen. Sie d\u00fcrfen gemeinsam mit den Praktikant:innen einen vielseitigen Ausbildungsblock erleben und sich fachlich weiterbilden.<\/p>\n<p>Der Halbtag findet direkt in der Natur im Lichten Wald der Thurauen statt, welcher ein optimaler Lebensraum f\u00fcr Tag- und Nachtfalter bietet. Mit Netzen, Becherlupen und Bestimmungsliteratur erkunden Sie die Artenvielfalt der Schmetterlinge in den Thurauen und \u00fcben sich im wissenschaftlichen Bestimmen.<\/p>\n<p>Dank dem erworbenen Wissen sind Sie ger\u00fcstet f\u00fcr Erkundungstouren mit der eigenen Klasse. Bitte beachten Sie, dass es sich bei diesem Angebot um eine rein fachliche Weiterbildung handelt.<\/p>\n<p><strong>Zeit &amp; Treffpunkt:<br \/>\n<\/strong>10 Uhr, Thurauen, Schnitzelschopf Preusselen<\/p>\n<p><a href=\"https:\/\/naturzentrum-thurauen.ch\/fr\/situation-et-contact\/\" target=\"_blank\" rel=\"noopener\">&gt; Karte<\/a><\/p>\n<p><strong>Mitnehmen:<\/strong><\/p>\n<ul>\n<li>Dem Wetter angepasste Kleidung und gutes Schuhwerk<\/li>\n<li><span style=\"font-size: 16px\">Mittagessen<\/span><\/li>\n<li>Trinkflasche mit gen\u00fcgend Wasser (keine Auff\u00fcllm\u00f6glichkeit)<\/li>\n<li>Sonnenschutz<\/li>\n<li>Bei Bedarf: Zwischenverpflegung<\/li>\n<li>Falls vorhanden: Schmetterlingsnetz<\/li>\n<\/ul>\n<p><strong>Anreise \u00f6ffentlicher Verkehr:<br \/>\n<\/strong>Ab \u00abFlaach, Oberdorf\u00bb Fussweg von ca. 30 min<\/p>\n<p><strong>Leitung:<br \/>\n<\/strong>Pascal Reutimann, Umweltingenieur<\/p>\n<p><strong>Anmeldeschluss:<br \/>\n<\/strong>Mittwoch, 27. Mai 2026<\/p>\n<p><strong>Besonderes:<br \/>\n<\/strong><\/p>\n<ul>\n<li><span style=\"font-weight: 300\">Bei ung\u00fcnstigen Witterungsverh\u00e4ltnissen kann die Veranstaltung auf Montag, 15. Juni 2026 verschoben werden.<\/span><\/li>\n<li>Kurskosten in bar (genauen Betrag mitbringen) oder per Twint zahlbar.<\/li>\n<\/ul>\n<p>&gt; <a href=\"https:\/\/naturzentrum-thurauen.ch\/lehrpersonen-weiterbildungen\/\">Weitere Weiterbildungen<\/a><\/p>\n<p>Bitte beachten Sie die\u00a0<a href=\"https:\/\/paneco.ch\/wp-content\/uploads\/2026\/02\/AGB-2026-PanEco_LPWBs.pdf\"><em>AGB.<\/em><\/a><\/p>\n","protected":false},"excerpt":{"rendered":"<p>Der Schmetterlingsexperte Pascal Reutimann nimmt Sie mit in die faszinierende Welt der Falter. Gemeinsam erkunden Sie die Schmetterlingsarten der Thurauen und lernen, wie man Schmetterlinge fangen und bestimmen kann.     <\/p>\n","protected":false},"author":3,"featured_media":40923,"comment_status":"closed","ping_status":"closed","template":"","meta":{"site-sidebar-layout":"default","site-content-layout":"default","ast-site-content-layout":"default","site-content-style":"default","site-sidebar-style":"default","ast-global-header-display":"","ast-banner-title-visibility":"","ast-main-header-display":"","ast-hfb-above-header-display":"","ast-hfb-below-header-display":"","ast-hfb-mobile-header-display":"","site-post-title":"","ast-breadcrumbs-content":"","ast-featured-img":"","footer-sml-layout":"","ast-disable-related-posts":"","theme-transparent-header-meta":"default","adv-header-id-meta":"","stick-header-meta":"","header-above-stick-meta":"","header-main-stick-meta":"","header-below-stick-meta":"","astra-migrate-meta-layouts":"set","ast-page-background-enabled":"default","ast-page-background-meta":{"desktop":{"background-color":"var(--ast-global-color-4)","background-image":"","background-repeat":"repeat","background-position":"center center","background-size":"auto","background-attachment":"scroll","background-type":"","background-media":"","overlay-type":"","overlay-color":"","overlay-opacity":"","overlay-gradient":""},"tablet":{"background-color":"","background-image":"","background-repeat":"repeat","background-position":"center center","background-size":"auto","background-attachment":"scroll","background-type":"","background-media":"","overlay-type":"","overlay-color":"","overlay-opacity":"","overlay-gradient":""},"mobile":{"background-color":"","background-image":"","background-repeat":"repeat","background-position":"center center","background-size":"auto","background-attachment":"scroll","background-type":"","background-media":"","overlay-type":"","overlay-color":"","overlay-opacity":"","overlay-gradient":""}},"ast-content-background-meta":{"desktop":{"background-color":"var(--ast-global-color-5)","background-image":"","background-repeat":"repeat","background-position":"center center","background-size":"auto","background-attachment":"scroll","background-type":"","background-media":"","overlay-type":"","overlay-color":"","overlay-opacity":"","overlay-gradient":""},"tablet":{"background-color":"var(--ast-global-color-5)","background-image":"","background-repeat":"repeat","background-position":"center center","background-size":"auto","background-attachment":"scroll","background-type":"","background-media":"","overlay-type":"","overlay-color":"","overlay-opacity":"","overlay-gradient":""},"mobile":{"background-color":"var(--ast-global-color-5)","background-image":"","background-repeat":"repeat","background-position":"center center","background-size":"auto","background-attachment":"scroll","background-type":"","background-media":"","overlay-type":"","overlay-color":"","overlay-opacity":"","overlay-gradient":""}}},"tags":[],"mec_category":[603],"class_list":["post-30934","mec-events","type-mec-events","status-publish","has-post-thumbnail","hentry","mec_category-lehrpersonen-weiterbildung"],"_links":{"self":[{"href":"https:\/\/naturzentrum-thurauen.ch\/fr\/wp-json\/wp\/v2\/mec-events\/30934","targetHints":{"allow":["GET"]}}],"collection":[{"href":"https:\/\/naturzentrum-thurauen.ch\/fr\/wp-json\/wp\/v2\/mec-events"}],"about":[{"href":"https:\/\/naturzentrum-thurauen.ch\/fr\/wp-json\/wp\/v2\/types\/mec-events"}],"author":[{"embeddable":true,"href":"https:\/\/naturzentrum-thurauen.ch\/fr\/wp-json\/wp\/v2\/users\/3"}],"replies":[{"embeddable":true,"href":"https:\/\/naturzentrum-thurauen.ch\/fr\/wp-json\/wp\/v2\/comments?post=30934"}],"wp:featuredmedia":[{"embeddable":true,"href":"https:\/\/naturzentrum-thurauen.ch\/fr\/wp-json\/wp\/v2\/media\/40923"}],"wp:attachment":[{"href":"https:\/\/naturzentrum-thurauen.ch\/fr\/wp-json\/wp\/v2\/media?parent=30934"}],"wp:term":[{"taxonomy":"post_tag","embeddable":true,"href":"https:\/\/naturzentrum-thurauen.ch\/fr\/wp-json\/wp\/v2\/tags?post=30934"},{"taxonomy":"mec_category","embeddable":true,"href":"https:\/\/naturzentrum-thurauen.ch\/fr\/wp-json\/wp\/v2\/mec_category?post=30934"}],"curies":[{"name":"wp","href":"https:\/\/api.w.org\/{rel}","templated":true}]}}

<p><em>Dieser Anlass findet neu am Mittwoch, 3.6 (nicht Freitag, 12.6) statt!</em></p>
<p>An diesem Tag ist Pascal Reutimann, Experte für Schmetterlinge, zu Gast beim Team des Naturzentrums Thurauen. Sie dürfen gemeinsam mit den Praktikant:innen einen vielseitigen Ausbildungsblock erleben und sich fachlich weiterbilden.</p>
<p>Der Halbtag findet direkt in der Natur im Lichten Wald der Thurauen statt, welcher ein optimaler Lebensraum für Tag- und Nachtfalter bietet. Mit Netzen, Becherlupen und Bestimmungsliteratur erkunden Sie die Artenvielfalt der Schmetterlinge in den Thurauen und üben sich im wissenschaftlichen Bestimmen.</p>
<p>Dank dem erworbenen Wissen sind Sie gerüstet für Erkundungstouren mit der eigenen Klasse. Bitte beachten Sie, dass es sich bei diesem Angebot um eine rein fachliche Weiterbildung handelt.</p>
<p><strong>Zeit &amp; Treffpunkt:<br />
</strong>10 Uhr, Thurauen, Schnitzelschopf Preusselen</p>
<p><a href="https://naturzentrum-thurauen.ch/fr/situation-et-contact/" target="_blank" rel="noopener">&gt; Karte</a></p>
<p><strong>Mitnehmen:</strong></p>
<ul>
<li>Dem Wetter angepasste Kleidung und gutes Schuhwerk</li>
<li><span style="font-size: 16px">Mittagessen</span></li>
<li>Trinkflasche mit genügend Wasser (keine Auffüllmöglichkeit)</li>
<li>Sonnenschutz</li>
<li>Bei Bedarf: Zwischenverpflegung</li>
<li>Falls vorhanden: Schmetterlingsnetz</li>
</ul>
<p><strong>Anreise öffentlicher Verkehr:<br />
</strong>Ab «Flaach, Oberdorf» Fussweg von ca. 30 min</p>
<p><strong>Leitung:<br />
</strong>Pascal Reutimann, Umweltingenieur</p>
<p><strong>Anmeldeschluss:<br />
</strong>Mittwoch, 27. Mai 2026</p>
<p><strong>Besonderes:<br />
</strong></p>
<ul>
<li><span style="font-weight: 300">Bei ungünstigen Witterungsverhältnissen kann die Veranstaltung auf Montag, 15. Juni 2026 verschoben werden.</span></li>
<li>Kurskosten in bar (genauen Betrag mitbringen) oder per Twint zahlbar.</li>
</ul>
<p>&gt; <a href="https://naturzentrum-thurauen.ch/lehrpersonen-weiterbildungen/">Weitere Weiterbildungen</a></p>
<p>Bitte beachten Sie die <a href="https://paneco.ch/wp-content/uploads/2026/02/AGB-2026-PanEco_LPWBs.pdf"><em>AGB.</em></a></p>
