{"id":30772,"date":"2022-01-25T07:42:20","date_gmt":"2022-01-25T07:42:20","guid":{"rendered":"https:\/\/naturzentrum-thurauen.ch\/events\/besuch-der-greifvogelstation-schwerpunktthema-rotmilan\/"},"modified":"2025-12-30T09:54:30","modified_gmt":"2025-12-30T08:54:30","slug":"besuch-der-greifvogelstation-schwerpunktthema-rotmilan","status":"publish","type":"mec-events","link":"https:\/\/naturzentrum-thurauen.ch\/fr\/events\/besuch-der-greifvogelstation-schwerpunktthema-rotmilan\/","title":{"rendered":"Besuch der Greifvogelstation: Schwerpunktthema Rotmilan"},"content":{"rendered":"<p>In der Greifvogelstation Berg am Irchel werden geschw\u00e4chte, verletzte und kranke Greifv\u00f6gel gepflegt, bis sie wieder in die Freiheit entlassen werden k\u00f6nnen. W\u00e4hrend dieser F\u00fchrung erfahren Sie viel Wissenswertes \u00fcber die einheimischen Greifv\u00f6gel und Eulen im Allgemeinen und zum Sonderthema \u00abRotmilan\u00bb im Speziellen. Wir erkl\u00e4ren auch die besondere Rolle der Schweiz f\u00fcr diesen weltweit seltenen Greifvogel.<\/p>\n<p><strong>Zeit &amp; Treffpunkt:<br \/>\n<\/strong><span style=\"font-weight: 300;\">9 Uhr, Chileweg 5, 8415 Berg am Irchel (vor der PanEco-Gesch\u00e4ftsstelle)<\/span><\/p>\n<p><strong>Mitnehmen:<\/strong><\/p>\n<ul>\n<li><span style=\"font-weight: 300;\">Wetterangepasste Kleidung und gutes Schuhwerk<\/span><\/li>\n<\/ul>\n<p><strong>Anreise \u00f6ffentlicher Verkehr:<br \/>\n<\/strong><span style=\"font-weight: 300;\">Bus 677 bis Haltestelle \u00abBerg am Irchel\u00bb<\/span><\/p>\n<p><strong>Besonderes:<\/strong><\/p>\n<ul>\n<li>Parken beim Landihaus oder, wenn noch Platz, in der weissen Zone der Schlossgasse. An der Station kann nicht parkiert werden.<\/li>\n<li>Aus R\u00fccksicht auf die Greifv\u00f6gel sind auf der Station keine Hunde zugelassen.<\/li>\n<li>Auf der Greifvogelstation kann nur bar oder mit Twint bezahlt werden. Kartenzahlung ist nicht m\u00f6glich.<\/li>\n<\/ul>\n<p>Alle Veranstaltungen \u00abBesuch der Greifvogelstation\u00bb bestehen aus einer gleichbleibenden F\u00fchrung und einem theoretischen Teil, der jeweils themenspezifisch angepasst wird.<\/p>\n<p>Die Veranstaltung findet nur ab einer Mindestanzahl von 8 Teilnehmenden statt.<\/p>\n<p>Bitte beachten Sie die\u00a0<a href=\"https:\/\/naturzentrum-thurauen.ch\/wp-content\/uploads\/sites\/3\/2026\/01\/AGB-PanEco_Veranstaltungen.pdf\" target=\"_blank\" rel=\"noopener\"><em>AGB<\/em><\/a>.<\/p>\n","protected":false},"excerpt":{"rendered":"<p>Werfen Sie einen Blick hinter die Kulissen und erfahren Sie Faszinierendes \u00fcber die Rotmilane, die man bei uns gut beobachten kann.<\/p>\n","protected":false},"author":3,"featured_media":37513,"comment_status":"closed","ping_status":"closed","template":"","meta":{"site-sidebar-layout":"default","site-content-layout":"default","ast-site-content-layout":"default","site-content-style":"default","site-sidebar-style":"default","ast-global-header-display":"","ast-banner-title-visibility":"","ast-main-header-display":"","ast-hfb-above-header-display":"","ast-hfb-below-header-display":"","ast-hfb-mobile-header-display":"","site-post-title":"","ast-breadcrumbs-content":"","ast-featured-img":"","footer-sml-layout":"","ast-disable-related-posts":"","theme-transparent-header-meta":"default","adv-header-id-meta":"","stick-header-meta":"","header-above-stick-meta":"","header-main-stick-meta":"","header-below-stick-meta":"","astra-migrate-meta-layouts":"set","ast-page-background-enabled":"default","ast-page-background-meta":{"desktop":{"background-color":"var(--ast-global-color-4)","background-image":"","background-repeat":"repeat","background-position":"center center","background-size":"auto","background-attachment":"scroll","background-type":"","background-media":"","overlay-type":"","overlay-color":"","overlay-opacity":"","overlay-gradient":""},"tablet":{"background-color":"","background-image":"","background-repeat":"repeat","background-position":"center center","background-size":"auto","background-attachment":"scroll","background-type":"","background-media":"","overlay-type":"","overlay-color":"","overlay-opacity":"","overlay-gradient":""},"mobile":{"background-color":"","background-image":"","background-repeat":"repeat","background-position":"center center","background-size":"auto","background-attachment":"scroll","background-type":"","background-media":"","overlay-type":"","overlay-color":"","overlay-opacity":"","overlay-gradient":""}},"ast-content-background-meta":{"desktop":{"background-color":"var(--ast-global-color-5)","background-image":"","background-repeat":"repeat","background-position":"center center","background-size":"auto","background-attachment":"scroll","background-type":"","background-media":"","overlay-type":"","overlay-color":"","overlay-opacity":"","overlay-gradient":""},"tablet":{"background-color":"var(--ast-global-color-5)","background-image":"","background-repeat":"repeat","background-position":"center center","background-size":"auto","background-attachment":"scroll","background-type":"","background-media":"","overlay-type":"","overlay-color":"","overlay-opacity":"","overlay-gradient":""},"mobile":{"background-color":"var(--ast-global-color-5)","background-image":"","background-repeat":"repeat","background-position":"center center","background-size":"auto","background-attachment":"scroll","background-type":"","background-media":"","overlay-type":"","overlay-color":"","overlay-opacity":"","overlay-gradient":""}}},"tags":[],"mec_category":[604],"class_list":["post-30772","mec-events","type-mec-events","status-publish","has-post-thumbnail","hentry","mec_category-greifvogelstation"],"_links":{"self":[{"href":"https:\/\/naturzentrum-thurauen.ch\/fr\/wp-json\/wp\/v2\/mec-events\/30772","targetHints":{"allow":["GET"]}}],"collection":[{"href":"https:\/\/naturzentrum-thurauen.ch\/fr\/wp-json\/wp\/v2\/mec-events"}],"about":[{"href":"https:\/\/naturzentrum-thurauen.ch\/fr\/wp-json\/wp\/v2\/types\/mec-events"}],"author":[{"embeddable":true,"href":"https:\/\/naturzentrum-thurauen.ch\/fr\/wp-json\/wp\/v2\/users\/3"}],"replies":[{"embeddable":true,"href":"https:\/\/naturzentrum-thurauen.ch\/fr\/wp-json\/wp\/v2\/comments?post=30772"}],"wp:featuredmedia":[{"embeddable":true,"href":"https:\/\/naturzentrum-thurauen.ch\/fr\/wp-json\/wp\/v2\/media\/37513"}],"wp:attachment":[{"href":"https:\/\/naturzentrum-thurauen.ch\/fr\/wp-json\/wp\/v2\/media?parent=30772"}],"wp:term":[{"taxonomy":"post_tag","embeddable":true,"href":"https:\/\/naturzentrum-thurauen.ch\/fr\/wp-json\/wp\/v2\/tags?post=30772"},{"taxonomy":"mec_category","embeddable":true,"href":"https:\/\/naturzentrum-thurauen.ch\/fr\/wp-json\/wp\/v2\/mec_category?post=30772"}],"curies":[{"name":"wp","href":"https:\/\/api.w.org\/{rel}","templated":true}]}}

<p>In der Greifvogelstation Berg am Irchel werden geschwächte, verletzte und kranke Greifvögel gepflegt, bis sie wieder in die Freiheit entlassen werden können. Während dieser Führung erfahren Sie viel Wissenswertes über die einheimischen Greifvögel und Eulen im Allgemeinen und zum Sonderthema «Rotmilan» im Speziellen. Wir erklären auch die besondere Rolle der Schweiz für diesen weltweit seltenen Greifvogel.</p>
<p><strong>Zeit &amp; Treffpunkt:<br />
</strong><span style="font-weight: 300;">9 Uhr, Chileweg 5, 8415 Berg am Irchel (vor der PanEco-Geschäftsstelle)</span></p>
<p><strong>Mitnehmen:</strong></p>
<ul>
<li><span style="font-weight: 300;">Wetterangepasste Kleidung und gutes Schuhwerk</span></li>
</ul>
<p><strong>Anreise öffentlicher Verkehr:<br />
</strong><span style="font-weight: 300;">Bus 677 bis Haltestelle «Berg am Irchel»</span></p>
<p><strong>Besonderes:</strong></p>
<ul>
<li>Parken beim Landihaus oder, wenn noch Platz, in der weissen Zone der Schlossgasse. An der Station kann nicht parkiert werden.</li>
<li>Aus Rücksicht auf die Greifvögel sind auf der Station keine Hunde zugelassen.</li>
<li>Auf der Greifvogelstation kann nur bar oder mit Twint bezahlt werden. Kartenzahlung ist nicht möglich.</li>
</ul>
<p>Alle Veranstaltungen «Besuch der Greifvogelstation» bestehen aus einer gleichbleibenden Führung und einem theoretischen Teil, der jeweils themenspezifisch angepasst wird.</p>
<p>Die Veranstaltung findet nur ab einer Mindestanzahl von 8 Teilnehmenden statt.</p>
<p>Bitte beachten Sie die <a href="https://naturzentrum-thurauen.ch/wp-content/uploads/sites/3/2026/01/AGB-PanEco_Veranstaltungen.pdf" target="_blank" rel="noopener"><em>AGB</em></a>.</p>

<p>Werfen Sie einen Blick hinter die Kulissen und erfahren Sie Faszinierendes über die Rotmilane, die man bei uns gut beobachten kann.</p>
